its digit of 951?
1
What is the tens digit of 6008?
0
What is the thousands digit of 2034?
2
What is the tens digit of 4452?
5
What is the thousands digit of 1724?
1
What is the ten thousands digit of 38306?
3
What is the hundreds digit of 171?
1
What is the ten thousands digit of 190755?
9
What is the thousands digit of 2986?
2
What is the ten thousands digit of 19925?
1
What is the tens digit of 151413?
1
What is the thousands digit of 2735?
2
What is the ten thousands digit of 50084?
5
What is the units digit of 57874?
4
What is the units digit of 806?
6
What is the units digit of 5710?
0
What is the units digit of 2598?
8
What is the tens digit of 2197?
9
What is the units digit of 202?
2
What is the thousands digit of 13408?
3
What is the units digit of 57874?
4
What is the ten thousands digit of 14920?
1
What is the units digit of 5391?
1
What is the hundreds digit of 5182?
1
What is the thousands digit of 57407?
7
What is the units digit of 7994?
4
What is the tens digit of 11208?
0
What is the tens digit of 4498?
9
What is the units digit of 5601?
1
What is the tens digit of 1942?
4
What is the thousands digit of 9858?
9
What is the hundreds digit of 1198?
1
What is the tens digit of 7137?
3
What is the units digit of 965?
5
What is the hundreds digit of 24232?
2
What is the hundreds digit of 1255?
2
What is the hundreds digit of 1498?
4
What is the ten thousands digit of 13628?
1
What is the thousands digit of 10872?
0
What is the tens digit of 71913?
1
What is the thousands digit of 32202?
2
What is the tens digit of 18887?
8
What is the hundreds digit of 986?
9
What is the ten thousands digit of 99746?
9
What is the units digit of 7088?
8
What is the hundreds digit of 32805?
8
What is the tens digit of 848?
4
What is the hundreds digit of 47462?
4
What is the units digit of 904?
4
What is the hundreds digit of 42841?
8
What is the units digit of 19694?
4
What is the hundreds digit of 632?
6
What is the thousands digit of 4037?
4
What is the tens digit of 518?
1
What is the hundreds digit of 1039?
0
What is the units digit of 917?
7
What is the tens digit of 4282?
8
What is the thousands digit of 32734?
2
What is the units digit of 38?
8
What is the hundred thousands digit of 179795?
1
What is the units digit of 1800?
0
What is the tens digit of 35565?
6
What is the thousands digit of 5875?
5
What is the hundreds digit of 92061?
0
What is the hundreds digit of 2225?
2
What is the tens digit of 3250?
5
What is the tens digit of 1750?
5
What is the units digit of 96?
6
What is the units digit of 1499?
9
What is the thousands digit of 24140?
4
What is the hundreds digit of 641?
6
What is the units digit of 12237?
7
What is the units digit of 862?
2
What is the thousands digit of 1734?
1
What is the hundreds digit of 21900?
9
What is the tens digit of 1457?
5
What is the thousands digit of 1698?
1
What is the units digit of 2316?
6
What is the tens digit of 16329?
2
What is the hundreds digit of 1366?
3
What is the units digit of 5953?
3
What is the hundreds digit of 4942?
9
What is the hundreds digit of 1348?
3
What is the hundreds digit of 9359?
3
What is the hundreds digit of 4001?
0
What is the units digit of 183?
3
What is the hundreds digit of 568?
5
What is the thousands digit of 1440?
1
What is the units digit of 2227?
7
What is the hundreds digit of 1236?
2
What is the tens digit of 2751?
5
What is the ten thousands digit of 23633?
2
What is the hundreds digit of 692?
6
What is the hundreds digit of 335?
3
What is the units digit of 82184?
4
What is the tens digit of 492?
9
What is the hundreds digit of 958?
9
What is the units digit of 888?
8
What is the tens digit of 12999?
9
What is the hundreds digit of 3993?
9
What is the units digit of 998?
8
What is the hundreds digit of 8747?
7
What is the units digit of 23617?
7
What is the hundreds digit of 2525?
5
What is the tens digit of 2560?
6
What is the units digit of 1858?
8
What is the tens digit of 27285?
8
What is the thousands digit of 97439?
7
What is the tens digit of 197901?
0
What is the thousands digit of 2581?
2
What is the thousands digit of 4632?
4
What is the hundreds digit of 3233?
2
What is the thousands digit of 2076?
2
What is the thousands digit of 18702?
8
What is the thousands digit of 4647?
4
What is the units digit of 29699?
9
What is the ten thousands digit of 16747?
1
What is the units digit of 812?
2
What is the tens digit of 3228?
2
What is the thousands digit of 26704?
6
What is the thousands digit of 5924?
5
What is the hundreds digit of 2610?
6
What is the thousands digit of 6914?
6
What is the hundreds digit of 18553?
5
What is the hundreds digit of 14439?
4
What is the ten thousands digit of 11626?
1
What is the units digit of 1502?
2
What is the thousands digit of 11425?
1
What is the units digit of 111997?
7
What is the units digit of 614?
4
What is the hundreds digit of 2895?
8
What is the hundreds digit of 1290?
2
What is the units digit of 6514?
4
What is the hundreds digit of 351?
3
What is the ten thousands digit of 108859?
0
What is the units digit of 1807?
7
What is the thousands digit of 63449?
3
What is the units digit of 598?
8
What is the thousands digit of 40357?
0
What is the units digit of 511?
1
What is the units digit of 140?
0
What is the tens digit of 132317?
1
What is the units digit of 1015?
5
What is the hundreds digit of 424?
4
What is the units digit of 88?
8
What is the tens digit of 23757?
5
What is the hundreds digit of 2404?
4
What is the thousands digit of 5311?
5
What is the hundreds digit of 537?
5
What is the hundreds digit of 683?
6
What is the thousands digit of 12658?
2
What is the hundreds digit of 114?
1
What is the tens digit of 10320?
2
What is the units digit of 861?
1
What is the thousands digit of 39013?
9
What is the units digit of 1234?
4
What is the units digit of 24646?
6
What is the tens digit of 150?
5
What is the ten thousands digit of 25007?
2
What is the thousands digit of 10514?
0
What is the hundreds digit of 15567?
5
What is the tens digit of 16978?
7
What is the units digit of 258?
8
What is the tens digit of 976?
7
What is the thousands digit of 13991?
3
What is the ten thousands digit of 33547?
3
What is the ten thousands digit of 15762?
1
What is the ten thousands digit of 40291?
4
What is the units digit of 35450?
0
What is the hundreds digit of 18723?
7
What is the thousands digit of 2341?
2
What is the thousands digit of 1157?
1
What is the tens digit of 71?
7
What is the hundreds digit of 367?
3
What is the tens digit of 2571?
7
What is the units digit of 1386?
6
What is the tens digit of 51?
5
What is the units digit of 675?
5
What is the ten thousands digit of 23647?
2
What is the units digit of 7448?
8
What is the hundreds digit of 16439?
4
What is the hundreds digit of 2100?
1
What is the units digit of 34573?
3
What is the thousands digit of 1314?
1
What is the thousands digit of 10171?
0
What is the tens digit of 524?
2
What is the thousands digit of 31172?
1
What is the units digit of 1513?
3
What is the units digit of 2850?
0
What is the ten thousands digit of 104209?
0
What is the hundreds digit of 3254?
2
What is the hundreds digit of 16167?
1
What is the tens digit of 80840?
4
What is the hundreds digit of 54061?
0
What is the hundreds digit of 1090?
0
What is the hundreds digit of 44318?
3
What is the hundreds digit of 3832?
8
What is the tens digit of 9199?
9
What is the units digit of 2188?
8
What is the units digit of 468?
8
What is the units digit of 5671?
1
What is the hundreds digit of 799?
7
What is the thousands digit of 1432?
1
What is the thousands digit of 176906?
6
What is the units digit of 10612?
2
What is the units digit of 16155?
5
What is the units digit of 552?
2
What is the thousands digit of 4694?
4
What is the units digit of 807?
7
What is the tens digit of 11662?
6
What is the units digit of 1112?
2
What is the tens digit of 695?
9
What is the tens digit of 2328?
2
What is the hundreds digit of 12161?
1
What is the tens digit of 679?
7
What is the thousands digit of 7310?
7
What is the units digit of 2000?
0
What is the units digit of 130?
0
What is the units digit of 563?
3
What is the units digit of 73856?
6
What is the tens digit of 9801?
0
Wha